Let k(i) = -i**2 - 21. Let x be k(0). Let l be 96/7 - 6/x. Calculate the remainder when 29 is divided by p(l).
9
Let o = -31 - -44. Calculate the remainder when 48 is divided by o.
9
Let z(j) = j**3 - 7*j**2 - 7*j + 3. What is the remainder when z(8) is divided by 4?
3
Let t = -15 - -30. Calculate the remainder when 44 is divided by t.
14
Suppose 2*n - 4*o = -2*n + 24, -n - 3*o + 26 = 0. Calculate the remainder when n is divided by 8.
3
Let h = 11 - -42. Suppose o - 39 = 3*m + 19, 3*m - 2*o + h = 0. Let x = m + 53. What is the remainder when x is divided by 11?
10
Suppose -5*f - 1 + 36 = 0. Let d be (-17)/(-3) - (-6)/(-9). Let z(s) = -s**2 + 6*s - 2. What is the remainder when f is divided by z(d)?
1
Suppose 5*c - 83 = -5*n + 2*c, 4*n - 59 = 5*c. Let i = 49 + -44. Calculate the remainder when n is divided by i.
1
Let i be 1*((-2 - -3) + -1). Suppose 3 + i = u. Suppose 3*d = 2*o - 2*d - 40, -u*o = -3*d - 51. What is the remainder when o is divided by 8?
7
Suppose x = -d - 3*d + 12, -3*d + 18 = 3*x. Suppose -3*h = 4*n - 76, 0 = -0*n - d*n - 10. Calculate the remainder when h is divided by 17.
15
Let j(y) = -y**2 + 13*y - 9. Calculate the remainder when j(9) is divided by 7.
6
Suppose 3*i = 2*i - 5. Let p = 40 - i. Suppose 0*q - 69 = -3*w + 4*q, -2*q = 0. Calculate the remainder when p is divided by w.
22
Let u = 23 + 22. What is the remainder when u is divided by 19?
7
What is the remainder when 27 is divided by 4/(-2) + 13 + (-4 - -7)?
13
Let f(q) = -5*q + 2. Let n = 40 + -28. What is the remainder when f(-4) is divided by n?
10
Let f = 5 + -3. Let z be 1*(-1)/f*-6. Suppose -u = -n + 8, -3 = z*u - 0. Calculate the remainder when n is divided by 3.
1
Let b = 66 + -43. Calculate the remainder when b is divided by 6.
5
Suppose -3*z = -6*z + 3. Let r(a) = 3*a**2 + 2*a + 1. Let y be r(-1). Let w = y + z. Calculate the remainder when 8 is divided by w.
2
Suppose 0*v - 3*n = 3*v + 120, 2*v = 3*n - 70. Let s(h) = -3*h**2 + 3*h + 4. Let a be s(5). Let r = v - a. Calculate the remainder when 34 is divided by r.
16
Suppose 3*r - 15 = -2*r. What is the remainder when 22 is divided by 2 + -9*(-2)/r?
6
Let b be (17/2)/((-1)/4). Calculate the remainder when -1 - (3 + -4) - b is divided by 9.
7
Suppose -5*f = -7*f - 4. What is the remainder when -129*(f - (-10)/6) is divided by 9?
7
Let t(d) = 47*d**3 + 2*d**2 - 2*d. Let c be t(1). Suppose 0*x = 3*x - 5*b - c, -3*x + 44 = -2*b. Calculate the remainder when 52 is divided by x.
10
Let h(r) = -r + 36. What is the remainder when h(-27) is divided by 14?
7
Suppose 9*b - 602 = -5*b. Calculate the remainder when b is divided by 23.
20
Suppose 2*v = 5*v + 102. Let s = v - -49. What is the remainder when 44 is divided by s?
14
Let m(x) = x + 1. Let j be m(-2). Calculate the remainder when (-520)/(-12) + j/3 is divided by 15.
13
Let u = 4 - 4. Calculate the remainder when 1 - -73 - (3 - -1) is divided by (-2 - -8)*(u + 3).
16
Suppose 2*z - 17 = 21. Suppose 0 = 3*s - 6*s + 6. What is the remainder when z is divided by ((-1)/s - -1)*14?
5
Let l(z) = 3*z**3 - z**2 - z + 1. Let o be l(1). Suppose -64 = -4*u - 2*i + 118, -2*i + 90 = 2*u. What is the remainder when u is divided by (-2)/o*(-32)/2?
14
Let c(d) = 2*d**3 - d. Let j be c(1). What is the remainder when (-1*(-60)/3)/j is divided by (-42)/(-4) + 3/6?
9
Suppose 5*y - 45 + 0 = 0. Let a(i) = -2*i**3 + i**2 - 3*i - 3. What is the remainder when y is divided by a(-1)?
0
Let n(w) = 5*w**2 - 7*w + 10. Calculate the remainder when n(4) is divided by 16.
14
Let d = -7 - -12. Suppose -3*o + 2*t + 50 = 0, -4*o - 5*t + 36 + 0 = 0. What is the remainder when o is divided by d?
4
Suppose -p = -2*p + 110. Suppose 0 = 5*o - 0*o - p. Suppose 3*q = -3*c + 30, -2*c - 26 = -5*c - 5*q. What is the remainder when o is divided by c?
10
Calculate the remainder when 51 is divided by 3/(-6)*(-30 - 8/(-2)).
12
Suppose -n = 4*n - 20. Suppose 0 - 9 = -u. What is the remainder when u is divided by n?
1
Let x = -5 + 10. Calculate the remainder when (-50)/(-4) - (-2)/4 is divided by x.
3
Suppose 4 = 2*d - 2, d + 9 = -q. Let p(j) = j**2 + 10*j - 10. Calculate the remainder when p(q) is divided by 5.
4
Suppose -84 = 22*d - 26*d. What is the remainder when 167 is divided by d?
20
Let s(n) = n**3 + 5*n**2 - 1. Let a be s(-5). Let b(u) = -6*u**3 - u**2 - u - 1. Calculate the remainder when b(a) is divided by (-2)/(-8) - (-21)/12.
1
Let s = -25 - -40. Calculate the remainder when 40 is divided by s.
10
Let b = -13 - -22. Suppose -5*o + 3*c + 40 = b, 5*o = -c + 43. Calculate the remainder when 22 is divided by o.
6
Let z be 35 + 6*(-2)/(-4). Suppose 2*j - 5*s - 32 = 0, s + z = 4*j - 62. Calculate the remainder when j is divided by (1 + -2)/(2/(-28)).
12
Let f(p) = 2*p**3 + 3*p + 0*p**3 - 3*p**2 - p**3. Suppose -2*j = -1 - 5. Calculate the remainder when j is divided by f(2).
1
Suppose -3*z = x - 6*z - 42, -4*x + 4*z + 144 = 0. What is the remainder when x is divided by 17?
16
Suppose 0*j = 4*j - 44. What is the remainder when 32 is divided by ((-3*j)/(-3))/1?
10
Suppose -135 = -4*t - t. What is the remainder when 104 is divided by t?
23
Let p(w) = -w - 1. Calculate the remainder when 38 is divided by p(-14).
12
Let l = -2 + 27. Suppose -16 = 4*o, o = -q - o + l. Suppose -p + 19 = 2. What is the remainder when q is divided by p?
16
Suppose -4*l - a + 7 = -0*a, 5*l - a = 11. Let f = 8 - l. What is the remainder when 23 is divided by f?
5
Let d(m) = m**2 - 4*m + 1. Let v be d(5). Suppose 0*a + v = 3*w + a, -2*a - 12 = -2*w. What is the remainder when 7 is divided by w?
1
Let l = -16 + 20. Suppose -1 = h + 5*k, 2*k - 17 = -l*h + 3*k. What is the remainder when h is divided by 3?
1
Calculate the remainder when 71 is divided by ((-6)/(-5))/(1/20).
23
Let s(r) = -6*r. Let v be 9/(-7) - (-4)/14. Let f = -49 - -66. What is the remainder when f is divided by s(v)?
5
Suppose -13 = -3*x + 14. Suppose -2*d + x = 3. Suppose 2*g = d*m - 6*m + 34, -5*m - g + 45 = 0. Calculate the remainder when 15 is divided by m.
7
Let o(q) = -9*q + 30. Let f(v) = 3*v - 10. Let t(h) = 17*f(h) + 6*o(h). Calculate the remainder when 72 is divided by t(-5).
22
Let a = 10 - 0. Let k = 19 - a. What is the remainder when 18 + (-1)/1*1 is divided by k?
8
Suppose -3 = -u + 1. Calculate the remainder when ((-3)/(-6))/((-3)/(-54)) is divided by u.
1
Suppose 4*g + 4*n = -164, 56 + 11 = -2*g + n. Let v = g + 60. Let x(j) = -j**3 + 12*j**2 + 13. What is the remainder when v is divided by x(12)?
11
Let a = -57 + 71. What is the remainder when 138 is divided by a?
12
Suppose 2*l = 7*l. Suppose n = -l*n + 8. What is the remainder when n is divided by 5?
3
Suppose -18*v - 212 = -22*v. Calculate the remainder when v is divided by 11.
9
Suppose -2*u + 0*u + 10 = 0. Suppose 2*r - u*r + 6 = 0. Suppose 3*d + r - 17 = 0. Calculate the remainder when 12 is divided by d.
2
Let w(x) = 7*x - 2. Let f be w(3). Suppose 0 = 4*l - 4*n - 8, -3*n + n = -5*l + f. What is the remainder when 8 is divided by l?
3
Suppose 5*v = 2*h - 42, -5*h + 0*v + 105 = 2*v. What is the remainder when h is divided by 12?
9
Let q = 113 + -54. Calculate the remainder when q is divided by 21.
17
Let a(w) = -w + 20. What is the remainder when 40 is divided by a(9)?
7
Suppose -2*b + 18 + 24 = 0. What is the remainder when b is divided by 8?
5
Suppose -3*t - 4*t = -343. What is the remainder when t is divided by 26?
23
Calculate the remainder when (91/39)/(2/42) is divided by 25.
24
Let i be (-3)/(-4)*(-40)/(-15). Let u(a) = 19*a + 9. Let w(o) = -5*o - 2. Let g(q) = -2*u(q) - 9*w(q). What is the remainder when 40 is divided by g(i)?
12
Suppose 102 + 177 = 3*y. Let c(z) = z**3 + 5*z**2 + 24. What is the remainder when y is divided by c(0)?
21
Let h(f) = -24*f**3 + f**2. Let q be 1 + 2 + -3 + -1. Calculate the remainder when h(q) is divided by 14.
11
Let m(s) = -s**2 + 15*s + 7. Let w(t) = -2*t + 1. Suppose 0 = -2*b + 2*j - 20, -3*b = 2*b + 5*j. Calculate the remainder when w(b) is divided by m(15).
4
Let c = -10 + 14. Suppose 6*w - 3*w + 59 = c*f, -2*f + 2*w + 30 = 0. Calculate the remainder when f is divided by 8.
6
What is the remainder when 56/(-98) + 554/14 is divided by 11?
6
Suppose 4 = -j, 5 = -3*f + j - 0. Calculate the remainder when (-66)/3*(f + 2) is divided by 6.
4
Let v(m) = 2